it of 17711?
1
What is the thousands digit of 1487?
1
What is the hundreds digit of 7913?
9
What is the tens digit of 4962?
6
What is the units digit of 74?
4
What is the tens digit of 10210?
1
What is the hundreds digit of 701?
7
What is the thousands digit of 7360?
7
What is the thousands digit of 1429?
1
What is the hundreds digit of 6757?
7
What is the units digit of 340?
0
What is the hundreds digit of 1610?
6
What is the tens digit of 1422?
2
What is the hundreds digit of 2758?
7
What is the hundreds digit of 8138?
1
What is the thousands digit of 1015?
1
What is the tens digit of 3854?
5
What is the hundreds digit of 1351?
3
What is the hundreds digit of 17189?
1
What is the thousands digit of 65143?
5
What is the thousands digit of 15041?
5
What is the hundreds digit of 1753?
7
What is the ten thousands digit of 13095?
1
What is the units digit of 245?
5
What is the hundreds digit of 662?
6
What is the hundreds digit of 784?
7
What is the ten thousands digit of 55219?
5
What is the tens digit of 50?
5
What is the tens digit of 149?
4
What is the units digit of 280?
0
What is the thousands digit of 37989?
7
What is the tens digit of 47887?
8
What is the units digit of 152994?
4
What is the tens digit of 700?
0
What is the hundreds digit of 14832?
8
What is the hundreds digit of 675?
6
What is the tens digit of 90720?
2
What is the ten thousands digit of 56417?
5
What is the units digit of 12371?
1
What is the hundreds digit of 713?
7
What is the thousands digit of 84657?
4
What is the thousands digit of 33113?
3
What is the tens digit of 84613?
1
What is the units digit of 5854?
4
What is the ten thousands digit of 54552?
5
What is the units digit of 4940?
0
What is the tens digit of 25305?
0
What is the hundreds digit of 410?
4
What is the tens digit of 3124?
2
What is the thousands digit of 4328?
4
What is the units digit of 1452?
2
What is the hundreds digit of 2187?
1
What is the units digit of 2996?
6
What is the units digit of 224?
4
What is the hundreds digit of 68195?
1
What is the tens digit of 31886?
8
What is the thousands digit of 6195?
6
What is the thousands digit of 1541?
1
What is the units digit of 21188?
8
What is the units digit of 59313?
3
What is the units digit of 1606?
6
What is the thousands digit of 8681?
8
What is the units digit of 33480?
0
What is the units digit of 18201?
1
What is the units digit of 63209?
9
What is the tens digit of 1416?
1
What is the units digit of 144467?
7
What is the units digit of 17282?
2
What is the hundreds digit of 2138?
1
What is the tens digit of 60144?
4
What is the units digit of 1803?
3
What is the hundreds digit of 10202?
2
What is the tens digit of 395?
9
What is the thousands digit of 9716?
9
What is the units digit of 2281?
1
What is the hundreds digit of 2872?
8
What is the units digit of 205?
5
What is the units digit of 1416?
6
What is the units digit of 14693?
3
What is the thousands digit of 14709?
4
What is the hundreds digit of 9392?
3
What is the hundreds digit of 3009?
0
What is the ten thousands digit of 22506?
2
What is the ten thousands digit of 43288?
4
What is the tens digit of 365?
6
What is the units digit of 9100?
0
What is the thousands digit of 109938?
9
What is the thousands digit of 1464?
1
What is the tens digit of 641?
4
What is the thousands digit of 94305?
4
What is the hundreds digit of 9081?
0
What is the thousands digit of 1051?
1
What is the hundreds digit of 138963?
9
What is the units digit of 546?
6
What is the units digit of 889?
9
What is the units digit of 3965?
5
What is the tens digit of 50795?
9
What is the units digit of 7435?
5
What is the tens digit of 1793?
9
What is the thousands digit of 68447?
8
What is the thousands digit of 3719?
3
What is the hundreds digit of 1642?
6
What is the tens digit of 8722?
2
What is the units digit of 558?
8
What is the units digit of 5496?
6
What is the thousands digit of 4936?
4
What is the units digit of 7390?
0
What is the tens digit of 49295?
9
What is the thousands digit of 5121?
5
What is the hundreds digit of 3088?
0
What is the units digit of 26998?
8
What is the tens digit of 1736?
3
What is the units digit of 941?
1
What is the tens digit of 11782?
8
What is the units digit of 33743?
3
What is the units digit of 3927?
7
What is the hundreds digit of 152?
1
What is the units digit of 6073?
3
What is the hundreds digit of 1567?
5
What is the tens digit of 13471?
7
What is the tens digit of 31?
3
What is the thousands digit of 5607?
5
What is the hundreds digit of 7572?
5
What is the units digit of 24433?
3
What is the thousands digit of 84664?
4
What is the tens digit of 10072?
7
What is the tens digit of 56?
5
What is the hundreds digit of 5453?
4
What is the thousands digit of 8259?
8
What is the hundreds digit of 78944?
9
What is the units digit of 8186?
6
What is the hundreds digit of 869?
8
What is the units digit of 139?
9
What is the thousands digit of 2659?
2
What is the units digit of 435?
5
What is the units digit of 55432?
2
What is the hundreds digit of 21975?
9
What is the units digit of 4674?
4
What is the ten thousands digit of 38197?
3
What is the tens digit of 3337?
3
What is the hundreds digit of 12887?
8
What is the tens digit of 7157?
5
What is the units digit of 1290?
0
What is the tens digit of 25093?
9
What is the hundreds digit of 8467?
4
What is the ten thousands digit of 135118?
3
What is the hundreds digit of 674?
6
What is the hundreds digit of 18385?
3
What is the units digit of 1962?
2
What is the hundreds digit of 17429?
4
What is the ten thousands digit of 45703?
4
What is the ten thousands digit of 20296?
2
What is the tens digit of 15697?
9
What is the thousands digit of 171110?
1
What is the units digit of 5185?
5
What is the thousands digit of 44395?
4
What is the hundreds digit of 7314?
3
What is the hundreds digit of 1992?
9
What is the tens digit of 28783?
8
What is the tens digit of 6093?
9
What is the hundreds digit of 193?
1
What is the units digit of 1159?
9
What is the hundreds digit of 7516?
5
What is the hundreds digit of 628?
6
What is the tens digit of 26287?
8
What is the hundreds digit of 1013?
0
What is the thousands digit of 5564?
5
What is the tens digit of 17?
1
What is the hundreds digit of 57181?
1
What is the units digit of 4280?
0
What is the hundreds digit of 145341?
3
What is the hundreds digit of 23364?
3
What is the units digit of 3578?
8
What is the units digit of 7112?
2
What is the hundreds digit of 721?
7
What is the hundreds digit of 5232?
2
What is the ten thousands digit of 40618?
4
What is the thousands digit of 10294?
0
What is the thousands digit of 1119?
1
What is the units digit of 12329?
9
What is the hundreds digit of 8473?
4
What is the hundreds digit of 97348?
3
What is the units digit of 1698?
8
What is the thousands digit of 1290?
1
What is the hundreds digit of 471?
4
What is the units digit of 97?
7
What is the thousands digit of 2961?
2
What is the units digit of 63663?
3
What is the tens digit of 12859?
5
What is the tens digit of 11074?
7
What is the hundreds digit of 920?
9
What is the units digit of 45892?
2
What is the tens digit of 2006?
0
What is the hundreds digit of 491?
4
What is the hundreds digit of 11481?
4
What is the hundreds digit of 8687?
6
What is the units digit of 14226?
6
What is the ten thousands digit of 16331?
1
What is the ten thousands digit of 98440?
9
What is the tens digit of 5232?
3
What is the hundreds digit of 2787?
7
What is the units digit of 5292?
2
What is the hundreds digit of 1560?
5
What is the units digit of 3154?
4
What is the tens digit of 3078?
7
What is the ten thousands digit of 86269?
8
What is the hundreds digit of 2580?
5
What is the thousands digit of 1151?
1
What is the hundreds digit of 2153?
1
What is the units digit of 1135?
5
What is the thousands digit of 155940?
5
What is the tens digit of 840?
4
What is the tens digit of 1871?
7
What is the units digit of 11932?
2
What is the hundreds digit of 19529?
5
What is the units digit of 18?
8
What is the tens digit of 599?
9
What is the thousands digit of 13481?
3
What is the units digit of 2755?
5
What is the tens digit of 5354?
5
What is the units digit of 71?
1
What is the thousands digit of 4778?
4
W